d by 12?
11
Calculate the remainder when (3 + -5)*(-367)/2 is divided by 74.
71
Let o(p) = -2*p**2 + 4*p**2 + 9*p + 11 - p**2 + 3. Let x be o(-7). Suppose x*l - 2*l + 4 = -4*m, -l + m = -6. Calculate the remainder when 37 is divided by l.
7
Let d = 445 + -394. Calculate the remainder when d is divided by 19.
13
Suppose 0 = 8*v - 194 + 18. What is the remainder when 41 is divided by v?
19
Let c = -107 - -71. Let a = -21 - c. What is the remainder when (-2)/6 + 800/a is divided by 14?
11
Let u(j) = 8*j**3 + 3*j**2 + 2*j - 6. Calculate the remainder when 1/(2/(-72)*-2) is divided by u(1).
4
Let n(w) = 30*w - 534. Suppose -5*j - 39 = -2*j. Let q = 10 - j. Calculate the remainder when q is divided by n(18).
5
Let s(o) = o**3 - 2*o**2 - 48*o + 19. Suppose -17 = z - 51. What is the remainder when z is divided by s(8)?
15
Let x be 6*6/((-18)/(-21)). What is the remainder when (x/4)/(12/120) is divided by 27?
24
Suppose -2*z + 440 = 5*a, 0*a = -z + 3*a + 209. Suppose 6*c - z = c. What is the remainder when c is divided by 11?
10
Calculate the remainder when 296 is divided by 2758/231 + 8/132.
8
Let d(j) = -j**3 + 8*j**2 + 11*j - 4. Suppose 0 = -4*w - 2*y + 5*y + 171, -3*w + 5*y = -142. Calculate the remainder when w is divided by d(9).
11
What is the remainder when 142 is divided by 4 + -5 - -1*25?
22
Let t(z) = 4*z - 8. Suppose 2*h + 3*w - 2 = 0, 0 = h + 2*w + 2*w + 9. Calculate the remainder when t(h) is divided by 12.
8
Suppose -4*z + 5*z - 29 = 3*v, 2*z + 2*v = 18. Calculate the remainder when 54 is divided by z.
12
Suppose -416*t + 422*t = 390. Let o = 11 - -6. Calculate the remainder when t is divided by o.
14
Let i(n) = n**2 - 4*n + 14. Let u be i(9). Suppose -230 = -3*w - u. What is the remainder when w is divided by 15?
12
Let q(j) be the first derivative of j**2/2 + 23*j - 4. Let g(d) = 9*d + 1. What is the remainder when g(3) is divided by q(-13)?
8
Let t = -150 + 150. Suppose 3*r - 79 + 49 = t. Calculate the remainder when 46 - 1/((-2)/4) is divided by r.
8
Let a be 3 + -1 - 140 - -1. Let g = -99 + 24. Let q = g - a. What is the remainder when q is divided by 13?
10
What is the remainder when 13 is divided by 2/2 - 4/(-1*4)?
1
Let m(j) = 103*j + 4197. Suppose 2*v - 69 = -2*v - 3*b, 3*v = -2*b + 53. Calculate the remainder when m(-40) is divided by v.
14
Suppose -166 = -7*q + 51. Suppose q*h = 27*h + 160. Calculate the remainder when h is divided by 11.
7
Let q(j) = -j**2 - 7*j + 35. Calculate the remainder when 69 is divided by q(-10).
4
Suppose -29*m = -23*m - 84. Let n be (4/3)/((-2)/(-6)). Suppose 3*s + t - 121 = 0, -t - 6 = -n. Calculate the remainder when s is divided by m.
13
Suppose -18*j = -19*j + 3*k + 28, 0 = 2*j + 2*k - 64. What is the remainder when j is divided by 13?
5
Suppose 0*s - 20 = 5*s. What is the remainder when -1*2*4/s is divided by 1?
0
Let u = -667 + 706. What is the remainder when u is divided by 11?
6
Let v(t) = 2*t + 2. Let g(j) = -6*j**2 + j + 2. Let q be g(2). Let u = 9 - q. Calculate the remainder when u is divided by v(4).
9
Suppose 5*r + 36 = 41. Calculate the remainder when 5 is divided by r.
0
Let v(p) = 13*p + p**2 + 10*p - 24*p + 9*p + 9. Suppose -2*q = -5*o - 25, 0 = -5*o + 3*o + 3*q + 1. What is the remainder when v(o) is divided by 2?
0
Suppose -3 = 3*q, -5*t + 4*q + 13 = -1. Let v = 26 + -22. Calculate the remainder when t is divided by (3*v/3)/(1 - -1).
0
Let w = -217 - -256. What is the remainder when 114 is divided by w?
36
Let w(b) = 5*b**2 + 12*b + 8. Let u(n) = 12*n**2 + 3*n. Calculate the remainder when u(3) is divided by w(-4).
37
Let x(f) = f**2 - f + 2. Suppose 5*m - 21 - 19 = 0. Calculate the remainder when x(m) is divided by 10.
8
Let h(u) = -2*u**3 - 7*u**2 + 4*u + 6. Suppose 4*g + 12 = 2*g - 2*z, 0 = -2*g + z - 6. What is the remainder when 23 is divided by h(g)?
5
Let u = -1433 + 1449. Let z(y) = -y + 7. Let q be z(4). Suppose 0 = k + q*k - 24. What is the remainder when u is divided by k?
4
Calculate the remainder when ((-990)/(-14) - 2) + 32/112 is divided by 10.
9
Let l(f) be the third derivative of f**4/8 + f**3/6 - 155*f**2. Let a(b) = 2*b**2 + b - 1. Let g be a(-2). Calculate the remainder when 30 is divided by l(g).
14
Let d(m) = -9*m + 4*m + 3 + 4*m. Let o be d(9). Calculate the remainder when (-14)/o - 2/(-3) is divided by 2.
1
Let r be ((-4)/(-8))/(3/84). Calculate the remainder when 44 is divided by (7 - 5) + r + -3.
5
Suppose 5 = 2*r - 11. What is the remainder when 4/(-10)*(-41 - (-54)/9) is divided by r?
6
Let p(w) = -2*w**2 + 14*w - 8. What is the remainder when 19 is divided by p(5)?
7
Let w = 394 + -346. Calculate the remainder when 61 is divided by w.
13
Suppose 3*m = -7 + 1. Let v = -405 - -400. What is the remainder when (v - m)*3/(-1) is divided by 6?
3
Let b(i) = 4*i - 7. Let x be b(3). What is the remainder when 95 is divided by x*-1 + 12 + 19?
17
Suppose -4*x + 24 = -5*v, x + 49 = -5*v + 5. Let g be (v/(-16))/(1/4). Suppose 4*o + 152 = g*c + 2*c, o = -3. Calculate the remainder when c is divided by 18.
17
Let m be 0 + (-4)/(-4) + 2. Let f be ((-1)/(-2))/(5/530). Suppose m*r + 3*j = j + f, 80 = 4*r + 5*j. What is the remainder when 59 is divided by r?
14
Suppose a + 144 = 3*a. Suppose 4*f - a = 24. What is the remainder when 95 is divided by f?
23
Let f(y) = -y**2 + 10*y + 9. Let c be f(10). Let a be 6/(-8) - (-273)/12. What is the remainder when a - 3/(c/(-3)) is divided by 6?
5
Suppose 0 = -27*j + 18*j - 18. Let l(p) = -p**3 + 2*p**2 + 3*p + 1. Calculate the remainder when 185 is divided by l(j).
9
Suppose 0*p - 2*p - 340 = 5*u, 3*p - 249 = 4*u. Let f = 119 + u. Calculate the remainder when f is divided by 14.
11
Let d = 274 - 115. Let q = d - 133. What is the remainder when 181 is divided by q?
25
Let f(o) = -2*o + 205. Let a be f(0). Suppose 3*g - 3*d - 185 = 2*d, d = 3*g - a. What is the remainder when g is divided by 19?
13
Let y be 26 + 2*1/(-2). Suppose 0 = -c + 6*c - y. Suppose -5*b = -2*d - 18 - 111, d - 123 = -c*b. Calculate the remainder when b is divided by 14.
11
Let n(b) = 15*b + 137. Calculate the remainder when n(-7) is divided by 22.
10
Let u(z) = -6*z**2 + 13*z**2 + 9*z**2 + 4*z**2. Let b be u(1). Let t = b + -17. Calculate the remainder when 3 is divided by t.
0
Let t be 2/(-3) + (-2 - (-8)/3). Suppose 2*n - 34 - 22 = t. Calculate the remainder when n is divided by 10.
8
What is the remainder when 7644/117*(-3)/(-4) is divided by 13?
10
Let p(o) = 10*o. Let r be p(-2). Let k = r + 33. What is the remainder when k is divided by 3?
1
Let j(w) = -w**3 - 13*w**2 + 2*w + 17. Let b be j(-13). Calculate the remainder when (8/5)/(b/(-135)) + -1 is divided by 16.
7
Suppose -42 = -38*m + 32*m. What is the remainder when 7 is divided by m?
0
Suppose -2*n + 46 = -4*j, 43 = 3*n - j - 46. Let g(o) = 49*o + 3. Let w be g(3). Let d = 273 - w. Calculate the remainder when d is divided by n.
30
Let l(y) = 2*y**2 - 6*y + 6. Let h = -14 - -18. What is the remainder when (14 - -67)*(-2 + 7/3) is divided by l(h)?
13
Let o = 2 - 2. Suppose -3*i = 5*d - 10, o = 3*i - 3*d - 33 - 9. Suppose 185 = 7*b - 2*b. Calculate the remainder when b is divided by i.
7
Suppose 0 = 16*y - 13*y - 6. Suppose 0 = -y*v - 4*n + 660, -5*v + 907 + 803 = -2*n. Suppose -13*l = -8*l - v. Calculate the remainder when l is divided by 24.
20
Suppose 2*p - 439 = -111. Suppose -2*a - 50 = -p. What is the remainder when a is divided by 30?
27
Let t(s) be the second derivative of s**5/20 + s**4/2 - 5*s**3/6 - 2*s**2 - 6*s - 2. Calculate the remainder when t(-6) is divided by (-4)/10 - 72/(-5).
12
Let n be (-304)/(-4)*2/4. Suppose 2 = 4*c - n. What is the remainder when 15 is divided by 4/c - (-36)/10?
3
Let d = -146 + 278. What is the remainder when d is divided by 67?
65
What is the remainder when 43 is divided by 4 + 3135/90 + (-1)/(-6)?
4
Suppose -2*s + 36 = -4*z + 2*z, 86 = 5*s - 3*z. Calculate the remainder when 35 is divided by s.
3
Let z = 893 - 817. What is the remainder when z is divided by 40?
36
Let p(w) = -w**3 + 6*w - 10. Let d be p(3). Let b = d + 118. What is the remainder when b is divided by 17?
14
Suppose 0 = 5*l, 38 + 22 = 5*z - l. Suppose 30 = -2*n + 2*s, 2*s + 30 = n - 2*n. Let q = z - n. Calculate the remainder when 125 is divided by q.
29
Let f(m) = -m - 20. Let w be f(0)